factors of 11369103.
3, 3789701
What are the prime factors of 18648984?
2, 3, 777041
What are the prime factors of 214713?
3, 23857
What are the prime factors of 35010931?
35010931
What are the prime factors of 1770198?
2, 3, 295033
What are the prime factors of 11519760?
2, 3, 5, 7, 6857
List the prime factors of 395877.
3, 131959
What are the prime factors of 731741?
731741
List the prime factors of 745731.
3, 7, 19, 89
List the prime factors of 4297092.
2, 3, 433, 827
List the prime factors of 21600428.
2, 31, 174197
List the prime factors of 369895.
5, 29, 2551
List the prime factors of 28619754.
2, 3, 4769959
List the prime factors of 2768.
2, 173
List the prime factors of 280310.
2, 5, 28031
What are the prime factors of 598415?
5, 29, 4127
List the prime factors of 277462.
2, 138731
List the prime factors of 7732356.
2, 3, 644363
What are the prime factors of 26023532?
2, 17, 109, 3511
What are the prime factors of 18617207?
7, 19, 19997
List the prime factors of 5554497.
3, 13, 73, 1951
List the prime factors of 6217555.
5, 1243511
List the prime factors of 6059955.
3, 5, 11, 19, 1933
What are the prime factors of 4260523?
17, 250619
What are the prime factors of 1058512?
2, 7, 13, 727
What are the prime factors of 1678451?
89, 18859
What are the prime factors of 19740094?
2, 11, 17, 47, 1123
What are the prime factors of 1768958?
2, 571, 1549
What are the prime factors of 27417972?
2, 3, 2284831
What are the prime factors of 30544843?
7, 733, 5953
List the prime factors of 331142.
2, 7, 31, 109
List the prime factors of 44108114.
2, 101, 218357
List the prime factors of 8681306.
2, 73, 97, 613
What are the prime factors of 5438468?
2, 7, 43, 4517
What are the prime factors of 205794?
2, 3, 37, 103
List the prime factors of 916671.
3, 7, 43651
What are the prime factors of 1970172?
2, 3, 54727
What are the prime factors of 95449?
31, 3079
List the prime factors of 2533557.
3, 13, 167, 389
List the prime factors of 12461709.
3, 13, 173, 1847
List the prime factors of 601643.
7, 61, 1409
List the prime factors of 170613.
3, 71, 89
List the prime factors of 10106169.
3, 59, 57097
List the prime factors of 91952.
2, 7, 821
List the prime factors of 2614027.
13, 233, 863
What are the prime factors of 189438?
2, 3, 31573
What are the prime factors of 729083?
661, 1103
List the prime factors of 18002358.
2, 3, 11, 30307
List the prime factors of 7266.
2, 3, 7, 173
List the prime factors of 17331617.
3067, 5651
List the prime factors of 387971.
387971
List the prime factors of 958676.
2, 61, 3929
What are the prime factors of 283344?
2, 3, 5903
List the prime factors of 1047384.
2, 3, 13, 373
What are the prime factors of 1188611?
71, 16741
List the prime factors of 20890849.
7, 2984407
List the prime factors of 163772.
2, 7, 5849
List the prime factors of 565164.
2, 3, 5233
List the prime factors of 469214.
2, 283, 829
List the prime factors of 4696349.
7, 677, 991
List the prime factors of 4628129.
11, 23, 1663
List the prime factors of 14524154.
2, 17, 427181
What are the prime factors of 155355?
3, 5, 10357
What are the prime factors of 3157231?
7, 11, 131, 313
What are the prime factors of 1619856?
2, 3, 7, 1607
List the prime factors of 441223.
31, 43, 331
List the prime factors of 944670.
2, 3, 5, 31489
List the prime factors of 2959402.
2, 19, 47, 1657
What are the prime factors of 3708195?
3, 5, 233, 1061
What are the prime factors of 717818?
2, 358909
List the prime factors of 57411.
3, 6379
List the prime factors of 5097804.
2, 3, 424817
List the prime factors of 2938396.
2, 29, 73, 347
List the prime factors of 784138.
2, 392069
List the prime factors of 2922748.
2, 23, 31769
What are the prime factors of 36152719?
36152719
List the prime factors of 24901762.
2, 1663, 7487
List the prime factors of 98762.
2, 19, 23, 113
What are the prime factors of 326523?
3, 31, 3511
What are the prime factors of 129184?
2, 11, 367
What are the prime factors of 2822106?
2, 3, 7, 29, 331
List the prime factors of 3982063.
17, 234239
What are the prime factors of 645579?
3, 11, 6521
List the prime factors of 734669.
13, 31, 1823
What are the prime factors of 743083?
11, 43, 1571
What are the prime factors of 7422?
2, 3, 1237
List the prime factors of 64540.
2, 5, 7, 461
List the prime factors of 5164956.
2, 3, 53, 2707
List the prime factors of 55670.
2, 5, 19, 293
List the prime factors of 7062242.
2, 11, 17, 23, 821
List the prime factors of 681897.
3, 227299
What are the prime factors of 4306395?
3, 5, 287093
List the prime factors of 374193.
3, 13859
List the prime factors of 1719260.
2, 5, 31, 47, 59
What are the prime factors of 700114?
2, 37, 9461
What are the prime factors of 1043686?
2, 7, 127, 587
What are the prime factors of 3423066?
2, 3, 570511
What are the prime factors of 30790721?
13, 23, 29, 53, 67
What are the prime factors of 1925926?
2, 962963
What are the prime factors of 3195921?
3, 1065307
List the prime factors of 83232.
2, 3, 17
What are the prime factors of 2558250?
2, 3, 5, 379
List the prime factors of 9510.
2, 3, 5, 317
What are the prime factors of 98375?
5, 787
What are the prime factors of 1045673?
683, 1531
What are the prime factors of 717027?
3, 59, 4051
What are the prime factors of 72217?
257, 281
What are the prime factors of 5842?
2, 23, 127
List the prime factors of 1415544.
2, 3, 13, 349
List the prime factors of 22165.
5, 11, 13, 31
What are the prime factors of 9186268?
2, 7, 13, 25237
What are the prime factors of 1592946?
2, 3, 9833
List the prime factors of 8740321.
8740321
What are the prime factors of 1766611?
7, 11, 22943
What are the prime factors of 1064303?
157, 6779
List the prime factors of 128991.
3, 19, 31, 73
List the prime factors of 6469575.
3, 5, 7, 12323
List the prime factors of 5482780.
2, 5, 274139
List the prime factors of 7187481.
3, 7, 17, 2237
List the prime factors of 624628.
2, 156157
List the prime factors of 617207.
29, 21283
What are the prime factors of 18443915?
5, 7, 31, 89, 191
List the prime factors of 8103912.
2, 3, 23, 53, 277
What are the prime factors of 9476726?
2, 7, 676909
What are the prime factors of 5247940?
2, 5, 257, 1021
What are the prime factors of 30122?
2, 15061
What are the prime factors of 993863?
13, 89, 859
What are the prime factors of 117706?
2, 229, 257
List the prime factors of 281938.
2, 29, 4861
List the prime factors of 1556463.
3, 277, 1873
List the prime factors of 8744648.
2, 11, 99371
List the prime factors of 453521.
43, 53, 199
What are the prime factors of 3828238?
2, 61, 31379
List the prime factors of 830991.
3, 7, 5653
What are the prime factors of 4088904?
2, 3, 170371
List the prime factors of 98938.
2, 7, 37, 191
What are the prime factors of 1182494?
2, 631, 937
List the prime factors of 1209624.
2, 3, 13, 3877
List the prime factors of 1604496.
2, 3, 33427
What are the prime factors of 1607152?
2, 100447
What are the prime factors of 642152?
2, 7, 11467
List the prime factors of 818268.
2, 3, 11, 6199
List the prime factors of 5586684.
2, 3, 19, 107, 229
What are the prime factors of 1587056?
2, 99191
What are the prime factors of 2067533?
13, 157, 1013
What are the prime factors of 5216326?
2, 163, 16001
List the prime factors of 1123326.
2, 3, 17, 3671
What are the prime factors of 262844?
2, 23, 2857
What are the prime factors of 88296?
2, 3, 13, 283
List the prime factors of 15052592.
2, 940787
What are the prime factors of 3005507?
3005507
List the prime factors of 317365.
5, 63473
What are the prime factors of 2572992?
2, 3, 1489
What are the prime factors of 1144359?
3, 43, 2957
List the prime factors of 71639.
71, 1009
List the prime factors of 171046.
2, 85523
What are the prime factors of 608717?
191, 3187
List the prime factors of 21787579.
11, 59, 569
List the prime factors of 25831.
13, 1987
List the prime factors of 328453.
19, 59, 293
List the prime factors of 238826.
2, 7, 2437
What are the prime factors of 7476484?
2, 163, 11467
What are the prime factors of 8747299?
11, 17, 29, 1613
What are the prime factors of 717505?
5, 143501
List the prime factors of 192829.
7, 13, 163
List the prime factors of 5115165.
3, 5, 11, 29, 1069
List the prime factors of 889864.
2, 41, 2713
List the prime factors of 73485.
3